{"id":1317,"date":"2021-11-21T15:14:19","date_gmt":"2021-11-21T15:14:19","guid":{"rendered":"http:\/\/www.anumykkanen.fi\/?page_id=1317"},"modified":"2023-10-20T19:50:12","modified_gmt":"2023-10-20T17:50:12","slug":"about","status":"publish","type":"page","link":"https:\/\/www.anumykkanen.fi\/?page_id=1317","title":{"rendered":"L\u00e4\u00e4k\u00e4ri"},"content":{"rendered":"\t\t<div data-elementor-type=\"wp-page\" data-elementor-id=\"1317\" class=\"elementor elementor-1317\">\n\t\t\t\t\t\t<section class=\"elementor-section elementor-top-section elementor-element elementor-element-d2bbb6a elementor-section-boxed elementor-section-height-default elementor-section-height-default\" data-id=\"d2bbb6a\" data-element_type=\"section\" data-e-type=\"section\" data-settings=\"{&quot;background_background&quot;:&quot;classic&quot;}\">\n\t\t\t\t\t\t\t<div class=\"elementor-background-overlay\"><\/div>\n\t\t\t\t\t\t\t<div class=\"elementor-container elementor-column-gap-default\">\n\t\t\t\t\t<div class=\"elementor-column elementor-col-100 elementor-top-column elementor-element elementor-element-2379cf1\" data-id=\"2379cf1\" data-element_type=\"column\" data-e-type=\"column\">\n\t\t\t<div class=\"elementor-widget-wrap elementor-element-populated\">\n\t\t\t\t\t\t<div class=\"elementor-element elementor-element-9fcd409 elementor-widget elementor-widget-spacer\" data-id=\"9fcd409\" data-element_type=\"widget\" data-e-type=\"widget\" data-widget_type=\"spacer.default\">\n\t\t\t\t<div class=\"elementor-widget-container\">\n\t\t\t\t\t\t\t<div class=\"elementor-spacer\">\n\t\t\t<div class=\"elementor-spacer-inner\"><\/div>\n\t\t<\/div>\n\t\t\t\t\t\t<\/div>\n\t\t\t\t<\/div>\n\t\t\t\t<div class=\"elementor-element elementor-element-feefb6c elementor-widget elementor-widget-heading\" data-id=\"feefb6c\" data-element_type=\"widget\" data-e-type=\"widget\" data-widget_type=\"heading.default\">\n\t\t\t\t<div class=\"elementor-widget-container\">\n\t\t\t\t\t<h1 class=\"elementor-heading-title elementor-size-default\">Anu Mykk\u00e4nen<\/h1>\t\t\t\t<\/div>\n\t\t\t\t<\/div>\n\t\t\t\t<div class=\"elementor-element elementor-element-8c7f3a8 elementor-widget elementor-widget-heading\" data-id=\"8c7f3a8\" data-element_type=\"widget\" data-e-type=\"widget\" data-widget_type=\"heading.default\">\n\t\t\t\t<div class=\"elementor-widget-container\">\n\t\t\t\t\t<h1 class=\"elementor-heading-title elementor-size-default\">LL, ortopedian ja traumatologian erikoisl\u00e4\u00e4k\u00e4ri<\/h1>\t\t\t\t<\/div>\n\t\t\t\t<\/div>\n\t\t\t\t<div class=\"elementor-element elementor-element-0a2447e elementor-widget-divider--view-line elementor-widget elementor-widget-divider\" data-id=\"0a2447e\" data-element_type=\"widget\" data-e-type=\"widget\" data-widget_type=\"divider.default\">\n\t\t\t\t<div class=\"elementor-widget-container\">\n\t\t\t\t\t\t\t<div class=\"elementor-divider\">\n\t\t\t<span class=\"elementor-divider-separator\">\n\t\t\t\t\t\t<\/span>\n\t\t<\/div>\n\t\t\t\t\t\t<\/div>\n\t\t\t\t<\/div>\n\t\t\t\t<div class=\"elementor-element elementor-element-1fd7bb4 elementor-widget elementor-widget-spacer\" data-id=\"1fd7bb4\" data-element_type=\"widget\" data-e-type=\"widget\" data-widget_type=\"spacer.default\">\n\t\t\t\t<div class=\"elementor-widget-container\">\n\t\t\t\t\t\t\t<div class=\"elementor-spacer\">\n\t\t\t<div class=\"elementor-spacer-inner\"><\/div>\n\t\t<\/div>\n\t\t\t\t\t\t<\/div>\n\t\t\t\t<\/div>\n\t\t\t\t\t<\/div>\n\t\t<\/div>\n\t\t\t\t\t<\/div>\n\t\t<\/section>\n\t\t\t\t<section class=\"elementor-section elementor-top-section elementor-element elementor-element-vlpmap7 elementor-section-boxed elementor-section-height-default elementor-section-height-default\" data-id=\"vlpmap7\" data-element_type=\"section\" data-e-type=\"section\" data-settings=\"{&quot;background_background&quot;:&quot;classic&quot;}\">\n\t\t\t\t\t\t<div class=\"elementor-container elementor-column-gap-default\">\n\t\t\t\t\t<div class=\"elementor-column elementor-col-50 elementor-top-column elementor-element elementor-element-f088365\" data-id=\"f088365\" data-element_type=\"column\" data-e-type=\"column\">\n\t\t\t<div class=\"elementor-widget-wrap elementor-element-populated\">\n\t\t\t\t\t\t<div class=\"elementor-element elementor-element-89e371a elementor-widget elementor-widget-heading\" data-id=\"89e371a\" data-element_type=\"widget\" data-e-type=\"widget\" data-widget_type=\"heading.default\">\n\t\t\t\t<div class=\"elementor-widget-container\">\n\t\t\t\t\t<h2 class=\"elementor-heading-title elementor-size-default\">Tutkinnot ja ty\u00f6historia<\/h2>\t\t\t\t<\/div>\n\t\t\t\t<\/div>\n\t\t\t\t<div class=\"elementor-element elementor-element-193434d elementor-widget-divider--view-line elementor-widget elementor-widget-divider\" data-id=\"193434d\" data-element_type=\"widget\" data-e-type=\"widget\" data-widget_type=\"divider.default\">\n\t\t\t\t<div class=\"elementor-widget-container\">\n\t\t\t\t\t\t\t<div class=\"elementor-divider\">\n\t\t\t<span class=\"elementor-divider-separator\">\n\t\t\t\t\t\t<\/span>\n\t\t<\/div>\n\t\t\t\t\t\t<\/div>\n\t\t\t\t<\/div>\n\t\t\t\t<div class=\"elementor-element elementor-element-3b05d7d elementor-widget elementor-widget-text-editor\" data-id=\"3b05d7d\" data-element_type=\"widget\" data-e-type=\"widget\" data-widget_type=\"text-editor.default\">\n\t\t\t\t<div class=\"elementor-widget-container\">\n\t\t\t\t\t\t\t\t\t<p style=\"font-weight: 400;\">Olen valmistunut l\u00e4\u00e4ketieteen lisensiaatiksi 1997 ja ortopedian ja traumatologian erikoisl\u00e4\u00e4k\u00e4riksi 2009 Helsingin Yliopistosta.\u00a0Olen ty\u00f6skennellyt HUS\/HYKS Peijaksen sairaalassa osastonl\u00e4\u00e4k\u00e4rin\u00e4 Reuma- ja jalkater\u00e4kirurgian klinikassa 2009-2010. Siirryin alkuvuodesta 2011 Sairaala Ortonin Jalkakirurgian klinikkaan, jossa ty\u00f6skentelin 2016 loppuun asti.\u00a0Aloitin vastaanoton Mehil\u00e4isess\u00e4 ja leikkaustoiminnan Sairaala Mehil\u00e4inen Helsingiss\u00e4 2015 alusta l\u00e4htien, jolloin my\u00f6s perustimme <a href=\"https:\/\/www.mehilainen.fi\/ortopedia\/t%C3%B6%C3%B6l%C3%B6n-tiimi?loc=40\">T\u00f6\u00f6l\u00f6n Mehil\u00e4isen nilkka- ja jalkakirurgisen tiimin<\/a>. Moniammatillisessa tiimiss\u00e4 eri ammattiryhmien vakioitu l\u00e4heinen yhteisty\u00f6 varmistaa potilasturvallisuuden ja mahdollistaa jatkuvan laadun kehitt\u00e4misen.<\/p>\t\t\t\t\t\t\t\t<\/div>\n\t\t\t\t<\/div>\n\t\t\t\t<div class=\"elementor-element elementor-element-3fbdb92 elementor-hidden-desktop elementor-widget elementor-widget-image\" data-id=\"3fbdb92\" data-element_type=\"widget\" data-e-type=\"widget\" data-widget_type=\"image.default\">\n\t\t\t\t<div class=\"elementor-widget-container\">\n\t\t\t\t\t\t\t\t\t\t\t\t\t\t\t<img fetchpriority=\"high\" decoding=\"async\" width=\"683\" height=\"1024\" src=\"https:\/\/www.anumykkanen.fi\/wp-content\/uploads\/2023\/10\/Mykkanen-2698-web-683x1024.png\" class=\"attachment-large size-large wp-image-3480\" alt=\"\" srcset=\"https:\/\/www.anumykkanen.fi\/wp-content\/uploads\/2023\/10\/Mykkanen-2698-web-683x1024.png 683w, https:\/\/www.anumykkanen.fi\/wp-content\/uploads\/2023\/10\/Mykkanen-2698-web-200x300.png 200w, https:\/\/www.anumykkanen.fi\/wp-content\/uploads\/2023\/10\/Mykkanen-2698-web-768x1152.png 768w, https:\/\/www.anumykkanen.fi\/wp-content\/uploads\/2023\/10\/Mykkanen-2698-web.png 780w\" sizes=\"(max-width: 683px) 100vw, 683px\" \/>\t\t\t\t\t\t\t\t\t\t\t\t\t\t\t<\/div>\n\t\t\t\t<\/div>\n\t\t\t\t\t<\/div>\n\t\t<\/div>\n\t\t\t\t<div class=\"elementor-column elementor-col-50 elementor-top-column elementor-element elementor-element-9abba43 elementor-hidden-tablet elementor-hidden-mobile\" data-id=\"9abba43\" data-element_type=\"column\" data-e-type=\"column\" data-settings=\"{&quot;background_background&quot;:&quot;classic&quot;}\">\n\t\t\t<div class=\"elementor-widget-wrap elementor-element-populated\">\n\t\t\t\t\t\t<div class=\"elementor-element elementor-element-4245b55 elementor-widget elementor-widget-image\" data-id=\"4245b55\" data-element_type=\"widget\" data-e-type=\"widget\" data-widget_type=\"image.default\">\n\t\t\t\t<div class=\"elementor-widget-container\">\n\t\t\t\t\t\t\t\t\t\t\t\t\t\t\t<img decoding=\"async\" width=\"780\" height=\"1170\" src=\"https:\/\/www.anumykkanen.fi\/wp-content\/uploads\/2023\/10\/Mykkanen-2698-web.png\" class=\"attachment-full size-full wp-image-3480\" alt=\"\" srcset=\"https:\/\/www.anumykkanen.fi\/wp-content\/uploads\/2023\/10\/Mykkanen-2698-web.png 780w, https:\/\/www.anumykkanen.fi\/wp-content\/uploads\/2023\/10\/Mykkanen-2698-web-200x300.png 200w, https:\/\/www.anumykkanen.fi\/wp-content\/uploads\/2023\/10\/Mykkanen-2698-web-683x1024.png 683w, https:\/\/www.anumykkanen.fi\/wp-content\/uploads\/2023\/10\/Mykkanen-2698-web-768x1152.png 768w\" sizes=\"(max-width: 780px) 100vw, 780px\" \/>\t\t\t\t\t\t\t\t\t\t\t\t\t\t\t<\/div>\n\t\t\t\t<\/div>\n\t\t\t\t\t<\/div>\n\t\t<\/div>\n\t\t\t\t\t<\/div>\n\t\t<\/section>\n\t\t\t\t<section class=\"elementor-section elementor-top-section elementor-element elementor-element-vki2shd elementor-section-boxed elementor-section-height-default elementor-section-height-default\" data-id=\"vki2shd\" data-element_type=\"section\" data-e-type=\"section\" data-settings=\"{&quot;background_background&quot;:&quot;classic&quot;}\">\n\t\t\t\t\t\t<div class=\"elementor-container elementor-column-gap-no\">\n\t\t\t\t\t<div class=\"elementor-column elementor-col-100 elementor-top-column elementor-element elementor-element-7882748\" data-id=\"7882748\" data-element_type=\"column\" data-e-type=\"column\">\n\t\t\t<div class=\"elementor-widget-wrap elementor-element-populated\">\n\t\t\t\t\t\t<div class=\"elementor-element elementor-element-82e944d elementor-widget elementor-widget-heading\" data-id=\"82e944d\" data-element_type=\"widget\" data-e-type=\"widget\" data-widget_type=\"heading.default\">\n\t\t\t\t<div class=\"elementor-widget-container\">\n\t\t\t\t\t<h2 class=\"elementor-heading-title elementor-size-default\">Ammatillinen yhdistystoiminta ja luottamusteht\u00e4v\u00e4t\u200b<\/h2>\t\t\t\t<\/div>\n\t\t\t\t<\/div>\n\t\t\t\t<div class=\"elementor-element elementor-element-8623c4b elementor-widget-divider--view-line elementor-widget elementor-widget-divider\" data-id=\"8623c4b\" data-element_type=\"widget\" data-e-type=\"widget\" data-widget_type=\"divider.default\">\n\t\t\t\t<div class=\"elementor-widget-container\">\n\t\t\t\t\t\t\t<div class=\"elementor-divider\">\n\t\t\t<span class=\"elementor-divider-separator\">\n\t\t\t\t\t\t<\/span>\n\t\t<\/div>\n\t\t\t\t\t\t<\/div>\n\t\t\t\t<\/div>\n\t\t\t\t<div class=\"elementor-element elementor-element-a145bb5 elementor-widget elementor-widget-text-editor\" data-id=\"a145bb5\" data-element_type=\"widget\" data-e-type=\"widget\" data-widget_type=\"text-editor.default\">\n\t\t\t\t<div class=\"elementor-widget-container\">\n\t\t\t\t\t\t\t\t\t<p>Olen ollut Suomen Jalkakirurgiayhdistyksen (<a href=\"http:\/\/suomenjalkakirurgiayhdistys.fi\/\">SuoJalka ry<\/a>) j\u00e4sen\u00a0 vuodesta 2009 ja osallistunut aktiivisesti yhdistyksen toimintaan hallituksen j\u00e4senen\u00e4 2010-2014, josta hallituksen koulutusvastaavana 2011-2013. SuoJalan kautta olen osallistunut kotimaiseen koulutustoimintaan mm. \u00a0luennoitsijana ja kurssien j\u00e4rjest\u00e4misess\u00e4 erikoistuville ortopedeille. Olen my\u00f6s Suomen Ortopediyhdistyksen (SOY) ja Euroopan jalkakirurgiayhdistysten kattoj\u00e4rjest\u00f6n EFAS:in (European Foot and Ankle Society) j\u00e4sen vuodesta 2009.<\/p>\t\t\t\t\t\t\t\t<\/div>\n\t\t\t\t<\/div>\n\t\t\t\t<div class=\"elementor-element elementor-element-08e87fe elementor-widget elementor-widget-html\" data-id=\"08e87fe\" data-element_type=\"widget\" data-e-type=\"widget\" data-widget_type=\"html.default\">\n\t\t\t\t<div class=\"elementor-widget-container\">\n\t\t\t\t\t<script> \njQuery(document).ready(function($) { \nvar delay = 100; setTimeout(function() { \n$('.elementor-tab-title').removeClass('elementor-active');\n $('.elementor-tab-content').css('display', 'none'); }, delay); \n}); \n<\/script>\t\t\t\t<\/div>\n\t\t\t\t<\/div>\n\t\t\t\t<div class=\"elementor-element elementor-element-631b990 elementor-widget elementor-widget-accordion\" data-id=\"631b990\" data-element_type=\"widget\" data-e-type=\"widget\" data-widget_type=\"accordion.default\">\n\t\t\t\t<div class=\"elementor-widget-container\">\n\t\t\t\t\t\t\t<div class=\"elementor-accordion\">\n\t\t\t\t\t\t\t<div class=\"elementor-accordion-item\">\n\t\t\t\t\t<div id=\"elementor-tab-title-1031\" class=\"elementor-tab-title\" data-tab=\"1\" role=\"button\" aria-controls=\"elementor-tab-content-1031\" aria-expanded=\"false\">\n\t\t\t\t\t\t\t\t\t\t\t\t\t<span class=\"elementor-accordion-icon elementor-accordion-icon-right\" aria-hidden=\"true\">\n\t\t\t\t\t\t\t\t\t\t\t\t\t\t\t<span class=\"elementor-accordion-icon-closed\"><i class=\"fas fa-plus\"><\/i><\/span>\n\t\t\t\t\t\t\t\t<span class=\"elementor-accordion-icon-opened\"><i class=\"fas fa-minus\"><\/i><\/span>\n\t\t\t\t\t\t\t\t\t\t\t\t\t\t<\/span>\n\t\t\t\t\t\t\t\t\t\t\t\t<a class=\"elementor-accordion-title\" tabindex=\"0\">Lis\u00e4koulutukseni<\/a>\n\t\t\t\t\t<\/div>\n\t\t\t\t\t<div id=\"elementor-tab-content-1031\" class=\"elementor-tab-content elementor-clearfix\" data-tab=\"1\" role=\"region\" aria-labelledby=\"elementor-tab-title-1031\"><ul><li>11<sup>th<\/sup> EFAS Instructional course, Verona, Italy 17-18\u00a0 April 2009<\/li><li>SuoJalka ja Stryker yhteisty\u00f6ss\u00e4: Jalkamestari I koulutus 19.5.2009, Turku<\/li><li>12<sup>th<\/sup> EFAS Instructional course, Dublin, Ireland 17-18 June 2010<\/li><li>OYS ja SuoJalka: Biomekaniikka jalkakirurgiassa 27.8.2010 Oulu<\/li><li>Stryker Training &amp; Education Foot Dissection course, 21-22 Oct 2010 Kiel, Germany<\/li><li>SuoJalka ja Stryker yhteisty\u00f6ss\u00e4: Jalkamestari II koulutus, Tampere 4.5.2011<\/li><li>AO Trauma Europe Masters Workshop-Foot and Ankle with Anatomical Specimens, 7-8 April 2011, Lucerne Switzerland<\/li><li>Stryker Training &amp; Education Foot Dissection course, 10-11 Oct 2011 Strasbourg, France<\/li><li>3<sup>rd<\/sup> EFAS Advanced Hindfoot Symposium, 9-10 Dec 2011 Munich, Germany<\/li><li>SuoJalka ja Stryker yhteisty\u00f6ss\u00e4: Jalkamestari III koulutus, 11.5.2012 Orton Helsinki<\/li><li>12<sup>th<\/sup> International Amsterdam Foot and Ankle Course Including Hands on Workshop in the Cadaver Lab, 21-22 June 2012 Amsterdam, Netherlands<\/li><li>Suojalka ja Stryker yhteisty\u00f6ss\u00e4: Jalkamestari IV koulutus, 17.5.2013 Kuopio<\/li><li>Wright Medical EMEA Foot and Ankle Surgical Skills Cadaveric Course, 28-29 May 2013 Augsburg, Germany<\/li><li>Suojalka ja Stryker yhteisty\u00f6ss\u00e4: Jalkamestari V koulutus 23.5.2014, Oulu<\/li><li>Arthrex Arthrolab: International Foot and Ankle Workshop, 21 -22 Nov 2014, Munich, Germany<\/li><li>SuoJalka: Jalkamestari VI koulutus 15.5.2015, Turku<\/li><li>4<sup>th<\/sup> EFAS Cadaver Course, 2-3 Oct 2015 Brussels, Belgium<\/li><li>American Academy of Othopaedic Surgeons 2016 Annual Meeting March 1-5, Orlando Florida, USA<\/li><li>Suojalka ja Arthrex Arthrolab yhteisty\u00f6ss\u00e4: Jalkamestari VII koulutus &amp; Foot and Ankle Society Workshop, 22 Apr 2016 Munich, Germany<\/li><li>Foot international 2016 EFAS, D.A.F, i-FAB Combined Congress 23-25 June, Berlin, Germany<\/li><li>Suojalka: Jalkamestari VIII koulutus 12.5.2017, Tampere<\/li><li>World Congress Foot and Ankle 2017: EFAS Advanced Symposium 28 Sept 2017 &amp; 6th Triennal IFFAS Scientific Meeting 29-30 sept 2017, Lisbon, Portugal<\/li><li>Suojalka yhteisty\u00f6ss\u00e4 : Wright Medical International Foot and Ankle Cadaver Lab 4 May 2018, Augsburg, Germany<\/li><li>12th European Foot and Ankle Society International Congress 4-6 Oct 2018: Geneve, Switzerland<\/li><li>Suojalka: Jalkamestari X koulutus 3.5.2019, Helsinki<\/li><li>EFAS 2019 Advanced Symposium 6-7 Dec 2019, Helsinki<\/li><li>Suojalka: Tampere Ankle Arthroscopy Course 26.-27.5.2022<\/li><li>EFAS Congress 2022 27-29 Oct, Edinburgh, UK<\/li><li>Suojalka: Jalkamestari XI koulutus 9.6.2023, Turku<\/li><\/ul><\/div>\n\t\t\t\t<\/div>\n\t\t\t\t\t\t\t\t<\/div>\n\t\t\t\t\t\t<\/div>\n\t\t\t\t<\/div>\n\t\t\t\t\t<\/div>\n\t\t<\/div>\n\t\t\t\t\t<\/div>\n\t\t<\/section>\n\t\t\t\t<section class=\"elementor-section elementor-top-section elementor-element elementor-element-s9wm4jh elementor-section-content-middle elementor-section-boxed elementor-section-height-default elementor-section-height-default\" data-id=\"s9wm4jh\" data-element_type=\"section\" data-e-type=\"section\" data-settings=\"{&quot;background_background&quot;:&quot;classic&quot;}\">\n\t\t\t\t\t\t\t<div class=\"elementor-background-overlay\"><\/div>\n\t\t\t\t\t\t\t<div class=\"elementor-container elementor-column-gap-no\">\n\t\t\t\t\t<div class=\"elementor-column elementor-col-50 elementor-top-column elementor-element elementor-element-5fcceb3\" data-id=\"5fcceb3\" data-element_type=\"column\" data-e-type=\"column\">\n\t\t\t<div class=\"elementor-widget-wrap elementor-element-populated\">\n\t\t\t\t\t\t<div class=\"elementor-element elementor-element-1726a4d elementor-widget elementor-widget-image\" data-id=\"1726a4d\" data-element_type=\"widget\" data-e-type=\"widget\" data-widget_type=\"image.default\">\n\t\t\t\t<div class=\"elementor-widget-container\">\n\t\t\t\t\t\t\t\t\t\t\t\t\t\t\t<img decoding=\"async\" width=\"994\" height=\"725\" src=\"https:\/\/www.anumykkanen.fi\/wp-content\/uploads\/2023\/04\/Mehilainen-6034-web-e1681636127314.png\" class=\"attachment-full size-full wp-image-2868\" alt=\"\" srcset=\"https:\/\/www.anumykkanen.fi\/wp-content\/uploads\/2023\/04\/Mehilainen-6034-web-e1681636127314.png 994w, https:\/\/www.anumykkanen.fi\/wp-content\/uploads\/2023\/04\/Mehilainen-6034-web-e1681636127314-300x219.png 300w, https:\/\/www.anumykkanen.fi\/wp-content\/uploads\/2023\/04\/Mehilainen-6034-web-e1681636127314-768x560.png 768w\" sizes=\"(max-width: 994px) 100vw, 994px\" \/>\t\t\t\t\t\t\t\t\t\t\t\t\t\t\t<\/div>\n\t\t\t\t<\/div>\n\t\t\t\t\t<\/div>\n\t\t<\/div>\n\t\t\t\t<div class=\"elementor-column elementor-col-50 elementor-top-column elementor-element elementor-element-04229e9\" data-id=\"04229e9\" data-element_type=\"column\" data-e-type=\"column\">\n\t\t\t<div class=\"elementor-widget-wrap elementor-element-populated\">\n\t\t\t\t\t\t<div class=\"elementor-element elementor-element-bdb5955 elementor-widget elementor-widget-heading\" data-id=\"bdb5955\" data-element_type=\"widget\" data-e-type=\"widget\" data-widget_type=\"heading.default\">\n\t\t\t\t<div class=\"elementor-widget-container\">\n\t\t\t\t\t<h2 class=\"elementor-heading-title elementor-size-default\">Toimin T\u00f6\u00f6l\u00f6n Mehil\u00e4isen Jalkakirurgisen tiimin j\u00e4senen\u00e4<\/h2>\t\t\t\t<\/div>\n\t\t\t\t<\/div>\n\t\t\t\t<div class=\"elementor-element elementor-element-e59ee85 elementor-widget-divider--view-line elementor-widget elementor-widget-divider\" data-id=\"e59ee85\" data-element_type=\"widget\" data-e-type=\"widget\" data-widget_type=\"divider.default\">\n\t\t\t\t<div class=\"elementor-widget-container\">\n\t\t\t\t\t\t\t<div class=\"elementor-divider\">\n\t\t\t<span class=\"elementor-divider-separator\">\n\t\t\t\t\t\t<\/span>\n\t\t<\/div>\n\t\t\t\t\t\t<\/div>\n\t\t\t\t<\/div>\n\t\t\t\t<div class=\"elementor-element elementor-element-b1bbbe1 elementor-widget elementor-widget-text-editor\" data-id=\"b1bbbe1\" data-element_type=\"widget\" data-e-type=\"widget\" data-widget_type=\"text-editor.default\">\n\t\t\t\t<div class=\"elementor-widget-container\">\n\t\t\t\t\t\t\t\t\t<p>Lis\u00e4\u00e4 tietoa T\u00f6\u00f6l\u00f6n nilkka- ja jalkakirurgisesta tiimist\u00e4 l\u00f6yd\u00e4t Mehil\u00e4isen omilta nettisivuilta. P\u00e4\u00e4set k\u00e4tev\u00e4sti sivuille t\u00e4st\u00e4 linkist\u00e4: <a href=\"https:\/\/www.mehilainen.fi\/ortopedia\/toolon-tiimi\" target=\"_blank\" rel=\"noopener\">T\u00f6\u00f6l\u00f6n Mehil\u00e4isen nilkka ja jalkakirurginen tiimi<\/a><\/p>\t\t\t\t\t\t\t\t<\/div>\n\t\t\t\t<\/div>\n\t\t\t\t\t<\/div>\n\t\t<\/div>\n\t\t\t\t\t<\/div>\n\t\t<\/section>\n\t\t\t\t<section class=\"elementor-section elementor-top-section elementor-element elementor-element-f2a3ae6 elementor-section-boxed elementor-section-height-default elementor-section-height-default\" data-id=\"f2a3ae6\" data-element_type=\"section\" data-e-type=\"section\">\n\t\t\t\t\t\t<div class=\"elementor-container elementor-column-gap-default\">\n\t\t\t\t\t<div class=\"elementor-column elementor-col-100 elementor-top-column elementor-element elementor-element-99233ff\" data-id=\"99233ff\" data-element_type=\"column\" data-e-type=\"column\">\n\t\t\t<div class=\"elementor-widget-wrap elementor-element-populated\">\n\t\t\t\t\t\t<div class=\"elementor-element elementor-element-28e6f56 elementor-widget elementor-widget-heading\" data-id=\"28e6f56\" data-element_type=\"widget\" data-e-type=\"widget\" data-widget_type=\"heading.default\">\n\t\t\t\t<div class=\"elementor-widget-container\">\n\t\t\t\t\t<h1 class=\"elementor-heading-title elementor-size-default\">Anu Mykk\u00e4nen\u200b<\/h1>\t\t\t\t<\/div>\n\t\t\t\t<\/div>\n\t\t\t\t\t<\/div>\n\t\t<\/div>\n\t\t\t\t\t<\/div>\n\t\t<\/section>\n\t\t\t\t<\/div>\n\t\t","protected":false},"excerpt":{"rendered":"<p>Anu Mykk\u00e4nen LL, ortopedian ja traumatologian erikoisl\u00e4\u00e4k\u00e4ri Tutkinnot ja ty\u00f6historia Olen valmistunut l\u00e4\u00e4ketieteen lisensiaatiksi 1997 ja ortopedian ja traumatologian erikoisl\u00e4\u00e4k\u00e4riksi 2009 Helsingin Yliopistosta.\u00a0Olen ty\u00f6skennellyt HUS\/HYKS Peijaksen sairaalassa osastonl\u00e4\u00e4k\u00e4rin\u00e4 Reuma- ja jalkater\u00e4kirurgian klinikassa 2009-2010. Siirryin alkuvuodesta 2011 Sairaala Ortonin Jalkakirurgian klinikkaan, jossa ty\u00f6skentelin 2016 loppuun asti.\u00a0Aloitin vastaanoton Mehil\u00e4isess\u00e4 ja leikkaustoiminnan Sairaala Mehil\u00e4inen Helsingiss\u00e4 2015 alusta l\u00e4htien, [&hellip;]<\/p>\n","protected":false},"author":1,"featured_media":0,"parent":0,"menu_order":0,"comment_status":"closed","ping_status":"closed","template":"","meta":{"om_disable_all_campaigns":false,"_monsterinsights_skip_tracking":false,"_monsterinsights_sitenote_active":false,"_monsterinsights_sitenote_note":"","_monsterinsights_sitenote_category":0,"_uf_show_specific_survey":0,"_uf_disable_surveys":false,"site-sidebar-layout":"no-sidebar","site-content-layout":"page-builder","ast-site-content-layout":"default","site-content-style":"default","site-sidebar-style":"default","ast-global-header-display":"","ast-banner-title-visibility":"","ast-main-header-display":"","ast-hfb-above-header-display":"","ast-hfb-below-header-display":"","ast-hfb-mobile-header-display":"","site-post-title":"disabled","ast-breadcrumbs-content":"","ast-featured-img":"disabled","footer-sml-layout":"","ast-disable-related-posts":"","theme-transparent-header-meta":"enabled","adv-header-id-meta":"","stick-header-meta":"","header-above-stick-meta":"","header-main-stick-meta":"","header-below-stick-meta":"","astra-migrate-meta-layouts":"default","ast-page-background-enabled":"default","ast-page-background-meta":{"desktop":{"background-color":"var(--ast-global-color-4)","background-image":"","background-repeat":"repeat","background-position":"center center","background-size":"auto","background-attachment":"scroll","background-type":"","background-media":"","overlay-type":"","overlay-color":"","overlay-opacity":"","overlay-gradient":""},"tablet":{"background-color":"","background-image":"","background-repeat":"repeat","background-position":"center center","background-size":"auto","background-attachment":"scroll","background-type":"","background-media":"","overlay-type":"","overlay-color":"","overlay-opacity":"","overlay-gradient":""},"mobile":{"background-color":"","background-image":"","background-repeat":"repeat","background-position":"center center","background-size":"auto","background-attachment":"scroll","background-type":"","background-media":"","overlay-type":"","overlay-color":"","overlay-opacity":"","overlay-gradient":""}},"ast-content-background-meta":{"desktop":{"background-color":"var(--ast-global-color-5)","background-image":"","background-repeat":"repeat","background-position":"center center","background-size":"auto","background-attachment":"scroll","background-type":"","background-media":"","overlay-type":"","overlay-color":"","overlay-opacity":"","overlay-gradient":""},"tablet":{"background-color":"var(--ast-global-color-5)","background-image":"","background-repeat":"repeat","background-position":"center center","background-size":"auto","background-attachment":"scroll","background-type":"","background-media":"","overlay-type":"","overlay-color":"","overlay-opacity":"","overlay-gradient":""},"mobile":{"background-color":"var(--ast-global-color-5)","background-image":"","background-repeat":"repeat","background-position":"center center","background-size":"auto","background-attachment":"scroll","background-type":"","background-media":"","overlay-type":"","overlay-color":"","overlay-opacity":"","overlay-gradient":""}},"footnotes":""},"class_list":["post-1317","page","type-page","status-publish","hentry"],"aioseo_notices":[],"_links":{"self":[{"href":"https:\/\/www.anumykkanen.fi\/index.php?rest_route=\/wp\/v2\/pages\/1317","targetHints":{"allow":["GET"]}}],"collection":[{"href":"https:\/\/www.anumykkanen.fi\/index.php?rest_route=\/wp\/v2\/pages"}],"about":[{"href":"https:\/\/www.anumykkanen.fi\/index.php?rest_route=\/wp\/v2\/types\/page"}],"author":[{"embeddable":true,"href":"https:\/\/www.anumykkanen.fi\/index.php?rest_route=\/wp\/v2\/users\/1"}],"replies":[{"embeddable":true,"href":"https:\/\/www.anumykkanen.fi\/index.php?rest_route=%2Fwp%2Fv2%2Fcomments&post=1317"}],"version-history":[{"count":173,"href":"https:\/\/www.anumykkanen.fi\/index.php?rest_route=\/wp\/v2\/pages\/1317\/revisions"}],"predecessor-version":[{"id":3584,"href":"https:\/\/www.anumykkanen.fi\/index.php?rest_route=\/wp\/v2\/pages\/1317\/revisions\/3584"}],"wp:attachment":[{"href":"https:\/\/www.anumykkanen.fi\/index.php?rest_route=%2Fwp%2Fv2%2Fmedia&parent=1317"}],"curies":[{"name":"wp","href":"https:\/\/api.w.org\/{rel}","templated":true}]}}