{"id":1727,"date":"2022-10-04T15:39:13","date_gmt":"2022-10-04T13:39:13","guid":{"rendered":"http:\/\/www.anumykkanen.fi\/?page_id=1727"},"modified":"2023-10-26T15:49:55","modified_gmt":"2023-10-26T13:49:55","slug":"jalan-kuvantaminen","status":"publish","type":"page","link":"https:\/\/www.anumykkanen.fi\/?page_id=1727","title":{"rendered":"Jalan kuvantaminen"},"content":{"rendered":"\t\t<div data-elementor-type=\"wp-page\" data-elementor-id=\"1727\" class=\"elementor elementor-1727\">\n\t\t\t\t\t\t<section class=\"elementor-section elementor-top-section elementor-element elementor-element-b65ee4b elementor-section-boxed elementor-section-height-default elementor-section-height-default\" data-id=\"b65ee4b\" data-element_type=\"section\" data-e-type=\"section\" data-settings=\"{&quot;background_background&quot;:&quot;classic&quot;}\">\n\t\t\t\t\t\t\t<div class=\"elementor-background-overlay\"><\/div>\n\t\t\t\t\t\t\t<div class=\"elementor-container elementor-column-gap-default\">\n\t\t\t\t\t<div class=\"elementor-column elementor-col-100 elementor-top-column elementor-element elementor-element-a384374\" data-id=\"a384374\" data-element_type=\"column\" data-e-type=\"column\">\n\t\t\t<div class=\"elementor-widget-wrap elementor-element-populated\">\n\t\t\t\t\t\t<div class=\"elementor-element elementor-element-89edc43 elementor-widget elementor-widget-spacer\" data-id=\"89edc43\" data-element_type=\"widget\" data-e-type=\"widget\" data-widget_type=\"spacer.default\">\n\t\t\t\t<div class=\"elementor-widget-container\">\n\t\t\t\t\t\t\t<div class=\"elementor-spacer\">\n\t\t\t<div class=\"elementor-spacer-inner\"><\/div>\n\t\t<\/div>\n\t\t\t\t\t\t<\/div>\n\t\t\t\t<\/div>\n\t\t\t\t<div class=\"elementor-element elementor-element-92122f8 elementor-widget elementor-widget-spacer\" data-id=\"92122f8\" data-element_type=\"widget\" data-e-type=\"widget\" data-widget_type=\"spacer.default\">\n\t\t\t\t<div class=\"elementor-widget-container\">\n\t\t\t\t\t\t\t<div class=\"elementor-spacer\">\n\t\t\t<div class=\"elementor-spacer-inner\"><\/div>\n\t\t<\/div>\n\t\t\t\t\t\t<\/div>\n\t\t\t\t<\/div>\n\t\t\t\t<div class=\"elementor-element elementor-element-55a1322 elementor-widget elementor-widget-heading\" data-id=\"55a1322\" data-element_type=\"widget\" data-e-type=\"widget\" data-widget_type=\"heading.default\">\n\t\t\t\t<div class=\"elementor-widget-container\">\n\t\t\t\t\t<h1 class=\"elementor-heading-title elementor-size-default\">Jalan kuvantaminen ja ENMG<\/h1>\t\t\t\t<\/div>\n\t\t\t\t<\/div>\n\t\t\t\t<div class=\"elementor-element elementor-element-21ca3db elementor-widget-divider--view-line elementor-widget elementor-widget-divider\" data-id=\"21ca3db\" data-element_type=\"widget\" data-e-type=\"widget\" data-widget_type=\"divider.default\">\n\t\t\t\t<div class=\"elementor-widget-container\">\n\t\t\t\t\t\t\t<div class=\"elementor-divider\">\n\t\t\t<span class=\"elementor-divider-separator\">\n\t\t\t\t\t\t<\/span>\n\t\t<\/div>\n\t\t\t\t\t\t<\/div>\n\t\t\t\t<\/div>\n\t\t\t\t<div class=\"elementor-element elementor-element-eb75ed0 elementor-widget elementor-widget-html\" data-id=\"eb75ed0\" data-element_type=\"widget\" data-e-type=\"widget\" data-widget_type=\"html.default\">\n\t\t\t\t<div class=\"elementor-widget-container\">\n\t\t\t\t\t<script> \njQuery(document).ready(function($) { \nvar delay = 100; setTimeout(function() { \n$('.elementor-tab-title').removeClass('elementor-active');\n $('.elementor-tab-content').css('display', 'none'); }, delay); \n}); \n<\/script>\t\t\t\t<\/div>\n\t\t\t\t<\/div>\n\t\t\t\t<div class=\"elementor-element elementor-element-c72b996 elementor-widget elementor-widget-accordion\" data-id=\"c72b996\" data-element_type=\"widget\" data-e-type=\"widget\" data-widget_type=\"accordion.default\">\n\t\t\t\t<div class=\"elementor-widget-container\">\n\t\t\t\t\t\t\t<div class=\"elementor-accordion\">\n\t\t\t\t\t\t\t<div class=\"elementor-accordion-item\">\n\t\t\t\t\t<div id=\"elementor-tab-title-2081\" class=\"elementor-tab-title\" data-tab=\"1\" role=\"button\" aria-controls=\"elementor-tab-content-2081\" aria-expanded=\"false\">\n\t\t\t\t\t\t\t\t\t\t\t\t\t<span class=\"elementor-accordion-icon elementor-accordion-icon-right\" aria-hidden=\"true\">\n\t\t\t\t\t\t\t\t\t\t\t\t\t\t\t<span class=\"elementor-accordion-icon-closed\"><i class=\"fas fa-plus\"><\/i><\/span>\n\t\t\t\t\t\t\t\t<span class=\"elementor-accordion-icon-opened\"><i class=\"fas fa-minus\"><\/i><\/span>\n\t\t\t\t\t\t\t\t\t\t\t\t\t\t<\/span>\n\t\t\t\t\t\t\t\t\t\t\t\t<a class=\"elementor-accordion-title\" tabindex=\"0\">R\u00f6ntgenkuvantaminen\u200b<\/a>\n\t\t\t\t\t<\/div>\n\t\t\t\t\t<div id=\"elementor-tab-content-2081\" class=\"elementor-tab-content elementor-clearfix\" data-tab=\"1\" role=\"region\" aria-labelledby=\"elementor-tab-title-2081\"><p style=\"font-weight: 400;\">Jalan asennosta voidaan tehd\u00e4 p\u00e4\u00e4telmi\u00e4 ainoastaan seisten otetuista kuvista. Oikeaoppiset jalan r\u00f6ntgenkuvauksen suunnat ovat seuraavat:<\/p><p>\u00a0<\/p><p style=\"font-weight: 400;\">\u00a0<img fetchpriority=\"high\" decoding=\"async\" class=\"alignnone size-medium wp-image-3471\" src=\"https:\/\/www.anumykkanen.fi\/wp-content\/uploads\/2023\/10\/Picture-1-174x300.png\" alt=\"\" width=\"174\" height=\"300\" srcset=\"https:\/\/www.anumykkanen.fi\/wp-content\/uploads\/2023\/10\/Picture-1-174x300.png 174w, https:\/\/www.anumykkanen.fi\/wp-content\/uploads\/2023\/10\/Picture-1.png 540w\" sizes=\"(max-width: 174px) 100vw, 174px\" \/><\/p><p>\u00a0<\/p><p><span class=\"normaltextrun\"><span lang=\"FI\">1. <\/span>Nilkan etusuunnan kuva seisten.<\/span><\/p><p>\u00a0<\/p><p style=\"font-weight: 400;\">\u00a0<img decoding=\"async\" class=\"alignnone wp-image-3472\" style=\"font-style: inherit;\" src=\"https:\/\/www.anumykkanen.fi\/wp-content\/uploads\/2023\/10\/Picture-2-153x300.png\" alt=\"\" width=\"172\" height=\"337\" srcset=\"https:\/\/www.anumykkanen.fi\/wp-content\/uploads\/2023\/10\/Picture-2-153x300.png 153w, https:\/\/www.anumykkanen.fi\/wp-content\/uploads\/2023\/10\/Picture-2.png 346w\" sizes=\"(max-width: 172px) 100vw, 172px\" \/>\u00a0 \u00a0 \u00a0 \u00a0 \u00a0 \u00a0 \u00a0 \u00a0<\/p><p>\u00a0<\/p><p style=\"font-weight: 400;\"><span class=\"normaltextrun\"><span class=\"normaltextrun\"><span class=\"normaltextrun\">\u00a0<span class=\"normaltextrun\" style=\"font-size: 16px;\"><span lang=\"FI\">2. Jalkater\u00e4n etusuunnan kuva seisten. \u00a0<\/span><\/span><\/span><\/span><\/span><\/p><div>\u00a0<\/div><div><span class=\"normaltextrun\"><span class=\"normaltextrun\"><span class=\"normaltextrun\"><span class=\"normaltextrun\" style=\"font-size: 16px;\"><span lang=\"FI\"><img decoding=\"async\" class=\"alignnone wp-image-3470\" src=\"https:\/\/www.anumykkanen.fi\/wp-content\/uploads\/2023\/10\/3-300x146.png\" alt=\"\" width=\"329\" height=\"160\" srcset=\"https:\/\/www.anumykkanen.fi\/wp-content\/uploads\/2023\/10\/3-300x146.png 300w, https:\/\/www.anumykkanen.fi\/wp-content\/uploads\/2023\/10\/3.png 604w\" sizes=\"(max-width: 329px) 100vw, 329px\" \/> \u00a0 \u00a0<br \/><\/span><\/span><\/span><\/span><\/span><\/div><div>\u00a0<\/div><div><span class=\"normaltextrun\"><span class=\"normaltextrun\"><span class=\"normaltextrun\"><span class=\"normaltextrun\" style=\"font-size: 16px;\"><span lang=\"FI\"><span class=\"normaltextrun\" style=\"font-size: 16px;\"><span lang=\"FI\">3. Sivukuva kantap\u00e4\u00e4st\u00e4 varpaisiin seisten.<\/span><\/span><span style=\"font-size: 16px;\" data-ccp-props=\"{&quot;201341983&quot;:0,&quot;335559685&quot;:360,&quot;335559739&quot;:160,&quot;335559740&quot;:259}\"><span class=\"eop\">\u00a0<\/span><\/span><br \/><\/span><\/span><\/span><\/span><\/span><span class=\"normaltextrun\"><span class=\"normaltextrun\"><br \/><\/span><\/span><\/div><\/div>\n\t\t\t\t<\/div>\n\t\t\t\t\t\t\t<div class=\"elementor-accordion-item\">\n\t\t\t\t\t<div id=\"elementor-tab-title-2082\" class=\"elementor-tab-title\" data-tab=\"2\" role=\"button\" aria-controls=\"elementor-tab-content-2082\" aria-expanded=\"false\">\n\t\t\t\t\t\t\t\t\t\t\t\t\t<span class=\"elementor-accordion-icon elementor-accordion-icon-right\" aria-hidden=\"true\">\n\t\t\t\t\t\t\t\t\t\t\t\t\t\t\t<span class=\"elementor-accordion-icon-closed\"><i class=\"fas fa-plus\"><\/i><\/span>\n\t\t\t\t\t\t\t\t<span class=\"elementor-accordion-icon-opened\"><i class=\"fas fa-minus\"><\/i><\/span>\n\t\t\t\t\t\t\t\t\t\t\t\t\t\t<\/span>\n\t\t\t\t\t\t\t\t\t\t\t\t<a class=\"elementor-accordion-title\" tabindex=\"0\">Magneettikuvaus (MRI)\u200b<\/a>\n\t\t\t\t\t<\/div>\n\t\t\t\t\t<div id=\"elementor-tab-content-2082\" class=\"elementor-tab-content elementor-clearfix\" data-tab=\"2\" role=\"region\" aria-labelledby=\"elementor-tab-title-2082\"><p style=\"font-weight: 400;\">MRI:n avulla saadaan arvokasta lis\u00e4tietoa pehmytkudoksista, jotka eiv\u00e4t n\u00e4y r\u00f6ntgenkuvissa. MRI:n avulla voidaan tarkentaa diagnoosia. Hyv\u00e4n MRI tutkimuksen edellytys on l\u00e4hett\u00e4v\u00e4n l\u00e4\u00e4k\u00e4rin tarkka kysymyksenasettelu radiologille. T\u00e4ll\u00f6in kuvaus tehd\u00e4\u00e4n tarkoituksenmukaisesti ja radiologi kiinnitt\u00e4\u00e4 huomion oirekuvan kannalta oleellisiin asioihin lausuntoa antaessa.<\/p><\/div>\n\t\t\t\t<\/div>\n\t\t\t\t\t\t\t<div class=\"elementor-accordion-item\">\n\t\t\t\t\t<div id=\"elementor-tab-title-2083\" class=\"elementor-tab-title\" data-tab=\"3\" role=\"button\" aria-controls=\"elementor-tab-content-2083\" aria-expanded=\"false\">\n\t\t\t\t\t\t\t\t\t\t\t\t\t<span class=\"elementor-accordion-icon elementor-accordion-icon-right\" aria-hidden=\"true\">\n\t\t\t\t\t\t\t\t\t\t\t\t\t\t\t<span class=\"elementor-accordion-icon-closed\"><i class=\"fas fa-plus\"><\/i><\/span>\n\t\t\t\t\t\t\t\t<span class=\"elementor-accordion-icon-opened\"><i class=\"fas fa-minus\"><\/i><\/span>\n\t\t\t\t\t\t\t\t\t\t\t\t\t\t<\/span>\n\t\t\t\t\t\t\t\t\t\t\t\t<a class=\"elementor-accordion-title\" tabindex=\"0\">Kartiokeila-tietokonetomografiakuvauksessa (Kk-tt) <\/a>\n\t\t\t\t\t<\/div>\n\t\t\t\t\t<div id=\"elementor-tab-content-2083\" class=\"elementor-tab-content elementor-clearfix\" data-tab=\"3\" role=\"region\" aria-labelledby=\"elementor-tab-title-2083\"><p style=\"font-weight: 400;\">Kk-tt:n avulla saadaan lis\u00e4tietoa luisista rakenteista. Kartiokeilakuvaus on ensisijainen, kun arvioidaan murtumien tai leikkauksissa tehtyjen luudutusten luutumisastetta. Kk-tt kuvauksella tarkennetaan nivelrikkomuutosten laajuutta. Kk-tt kuvaus voidaan tehd\u00e4 seisten, jolloin jalka n\u00e4hd\u00e4\u00e4n 3D rakenteena kuormituksen alaisena.<\/p><\/div>\n\t\t\t\t<\/div>\n\t\t\t\t\t\t\t<div class=\"elementor-accordion-item\">\n\t\t\t\t\t<div id=\"elementor-tab-title-2084\" class=\"elementor-tab-title\" data-tab=\"4\" role=\"button\" aria-controls=\"elementor-tab-content-2084\" aria-expanded=\"false\">\n\t\t\t\t\t\t\t\t\t\t\t\t\t<span class=\"elementor-accordion-icon elementor-accordion-icon-right\" aria-hidden=\"true\">\n\t\t\t\t\t\t\t\t\t\t\t\t\t\t\t<span class=\"elementor-accordion-icon-closed\"><i class=\"fas fa-plus\"><\/i><\/span>\n\t\t\t\t\t\t\t\t<span class=\"elementor-accordion-icon-opened\"><i class=\"fas fa-minus\"><\/i><\/span>\n\t\t\t\t\t\t\t\t\t\t\t\t\t\t<\/span>\n\t\t\t\t\t\t\t\t\t\t\t\t<a class=\"elementor-accordion-title\" tabindex=\"0\">Ultra\u00e4\u00e4nitutkimusta<\/a>\n\t\t\t\t\t<\/div>\n\t\t\t\t\t<div id=\"elementor-tab-content-2084\" class=\"elementor-tab-content elementor-clearfix\" data-tab=\"4\" role=\"region\" aria-labelledby=\"elementor-tab-title-2084\"><p><span style=\"font-weight: 400;\">Ultra\u00e4\u00e4nitutkimus k\u00e4ytet\u00e4\u00e4n diagnostiikassa ja nivelpistojen ohjauksessa. Sairauksien diagnostiikassa se on rajallisempi kuin edell\u00e4 mainitut kolmiulotteiset kerroskuvaukset.<\/span><\/p><\/div>\n\t\t\t\t<\/div>\n\t\t\t\t\t\t\t<div class=\"elementor-accordion-item\">\n\t\t\t\t\t<div id=\"elementor-tab-title-2085\" class=\"elementor-tab-title\" data-tab=\"5\" role=\"button\" aria-controls=\"elementor-tab-content-2085\" aria-expanded=\"false\">\n\t\t\t\t\t\t\t\t\t\t\t\t\t<span class=\"elementor-accordion-icon elementor-accordion-icon-right\" aria-hidden=\"true\">\n\t\t\t\t\t\t\t\t\t\t\t\t\t\t\t<span class=\"elementor-accordion-icon-closed\"><i class=\"fas fa-plus\"><\/i><\/span>\n\t\t\t\t\t\t\t\t<span class=\"elementor-accordion-icon-opened\"><i class=\"fas fa-minus\"><\/i><\/span>\n\t\t\t\t\t\t\t\t\t\t\t\t\t\t<\/span>\n\t\t\t\t\t\t\t\t\t\t\t\t<a class=\"elementor-accordion-title\" tabindex=\"0\">ENMG-tutkimus (Elektroneuromyografia)<\/a>\n\t\t\t\t\t<\/div>\n\t\t\t\t\t<div id=\"elementor-tab-content-2085\" class=\"elementor-tab-content elementor-clearfix\" data-tab=\"5\" role=\"region\" aria-labelledby=\"elementor-tab-title-2085\"><p style=\"font-weight: 400;\">ENMG-tutkimus on laboratoriotutkimus, jonka tekee kliinisen neurofysiologian erikoisl\u00e4\u00e4k\u00e4ri. ENMG-tutkimuksella voidaan diagnosoida hermo-lihassairauksia, joiden seuraukset saatetaan todeta ensimm\u00e4isen\u00e4 juuri jalan alueella. Se on hy\u00f6dyllinen tutkimus hermopinteiden diagnostiikassa ja hermovaurioiden osoittamisessa.<\/p><\/div>\n\t\t\t\t<\/div>\n\t\t\t\t\t\t\t\t\t\t<script type=\"application\/ld+json\">{\"@context\":\"https:\\\/\\\/schema.org\",\"@type\":\"FAQPage\",\"mainEntity\":[{\"@type\":\"Question\",\"name\":\"R\\u00f6ntgenkuvantaminen\\u200b\",\"acceptedAnswer\":{\"@type\":\"Answer\",\"text\":\"<p style=\\\"font-weight: 400;\\\">Jalan asennosta voidaan tehd\\u00e4 p\\u00e4\\u00e4telmi\\u00e4 ainoastaan seisten otetuista kuvista. Oikeaoppiset jalan r\\u00f6ntgenkuvauksen suunnat ovat seuraavat:<\\\/p><p>\\u00a0<\\\/p><p style=\\\"font-weight: 400;\\\">\\u00a0<img class=\\\"alignnone size-medium wp-image-3471\\\" src=\\\"https:\\\/\\\/www.anumykkanen.fi\\\/wp-content\\\/uploads\\\/2023\\\/10\\\/Picture-1-174x300.png\\\" alt=\\\"\\\" width=\\\"174\\\" height=\\\"300\\\" \\\/><\\\/p><p>\\u00a0<\\\/p><p><span class=\\\"normaltextrun\\\"><span lang=\\\"FI\\\">1. <\\\/span>Nilkan etusuunnan kuva seisten.<\\\/span><\\\/p><p>\\u00a0<\\\/p><p style=\\\"font-weight: 400;\\\">\\u00a0<img class=\\\"alignnone wp-image-3472\\\" style=\\\"font-style: inherit;\\\" src=\\\"https:\\\/\\\/www.anumykkanen.fi\\\/wp-content\\\/uploads\\\/2023\\\/10\\\/Picture-2-153x300.png\\\" alt=\\\"\\\" width=\\\"172\\\" height=\\\"337\\\" \\\/>\\u00a0 \\u00a0 \\u00a0 \\u00a0 \\u00a0 \\u00a0 \\u00a0 \\u00a0<\\\/p><p>\\u00a0<\\\/p><p style=\\\"font-weight: 400;\\\"><span class=\\\"normaltextrun\\\"><span class=\\\"normaltextrun\\\"><span class=\\\"normaltextrun\\\">\\u00a0<span class=\\\"normaltextrun\\\" style=\\\"font-size: 16px;\\\"><span lang=\\\"FI\\\">2. Jalkater\\u00e4n etusuunnan kuva seisten. \\u00a0<\\\/span><\\\/span><\\\/span><\\\/span><\\\/span><\\\/p><div>\\u00a0<\\\/div><div><span class=\\\"normaltextrun\\\"><span class=\\\"normaltextrun\\\"><span class=\\\"normaltextrun\\\"><span class=\\\"normaltextrun\\\" style=\\\"font-size: 16px;\\\"><span lang=\\\"FI\\\"><img class=\\\"alignnone wp-image-3470\\\" src=\\\"https:\\\/\\\/www.anumykkanen.fi\\\/wp-content\\\/uploads\\\/2023\\\/10\\\/3-300x146.png\\\" alt=\\\"\\\" width=\\\"329\\\" height=\\\"160\\\" \\\/> \\u00a0 \\u00a0<br \\\/><\\\/span><\\\/span><\\\/span><\\\/span><\\\/span><\\\/div><div>\\u00a0<\\\/div><div><span class=\\\"normaltextrun\\\"><span class=\\\"normaltextrun\\\"><span class=\\\"normaltextrun\\\"><span class=\\\"normaltextrun\\\" style=\\\"font-size: 16px;\\\"><span lang=\\\"FI\\\"><span class=\\\"normaltextrun\\\" style=\\\"font-size: 16px;\\\"><span lang=\\\"FI\\\">3. Sivukuva kantap\\u00e4\\u00e4st\\u00e4 varpaisiin seisten.<\\\/span><\\\/span><span style=\\\"font-size: 16px;\\\" data-ccp-props=\\\"{&quot;201341983&quot;:0,&quot;335559685&quot;:360,&quot;335559739&quot;:160,&quot;335559740&quot;:259}\\\"><span class=\\\"eop\\\">\\u00a0<\\\/span><\\\/span><br \\\/><\\\/span><\\\/span><\\\/span><\\\/span><\\\/span><span class=\\\"normaltextrun\\\"><span class=\\\"normaltextrun\\\"><br \\\/><\\\/span><\\\/span><\\\/div>\"}},{\"@type\":\"Question\",\"name\":\"Magneettikuvaus (MRI)\\u200b\",\"acceptedAnswer\":{\"@type\":\"Answer\",\"text\":\"<p style=\\\"font-weight: 400;\\\">MRI:n avulla saadaan arvokasta lis\\u00e4tietoa pehmytkudoksista, jotka eiv\\u00e4t n\\u00e4y r\\u00f6ntgenkuvissa. MRI:n avulla voidaan tarkentaa diagnoosia. Hyv\\u00e4n MRI tutkimuksen edellytys on l\\u00e4hett\\u00e4v\\u00e4n l\\u00e4\\u00e4k\\u00e4rin tarkka kysymyksenasettelu radiologille. T\\u00e4ll\\u00f6in kuvaus tehd\\u00e4\\u00e4n tarkoituksenmukaisesti ja radiologi kiinnitt\\u00e4\\u00e4 huomion oirekuvan kannalta oleellisiin asioihin lausuntoa antaessa.<\\\/p>\"}},{\"@type\":\"Question\",\"name\":\"Kartiokeila-tietokonetomografiakuvauksessa (Kk-tt)\",\"acceptedAnswer\":{\"@type\":\"Answer\",\"text\":\"<p style=\\\"font-weight: 400;\\\">Kk-tt:n avulla saadaan lis\\u00e4tietoa luisista rakenteista. Kartiokeilakuvaus on ensisijainen, kun arvioidaan murtumien tai leikkauksissa tehtyjen luudutusten luutumisastetta. Kk-tt kuvauksella tarkennetaan nivelrikkomuutosten laajuutta. Kk-tt kuvaus voidaan tehd\\u00e4 seisten, jolloin jalka n\\u00e4hd\\u00e4\\u00e4n 3D rakenteena kuormituksen alaisena.<\\\/p>\"}},{\"@type\":\"Question\",\"name\":\"Ultra\\u00e4\\u00e4nitutkimusta\",\"acceptedAnswer\":{\"@type\":\"Answer\",\"text\":\"<p><span style=\\\"font-weight: 400;\\\">Ultra\\u00e4\\u00e4nitutkimus k\\u00e4ytet\\u00e4\\u00e4n diagnostiikassa ja nivelpistojen ohjauksessa. Sairauksien diagnostiikassa se on rajallisempi kuin edell\\u00e4 mainitut kolmiulotteiset kerroskuvaukset.<\\\/span><\\\/p>\"}},{\"@type\":\"Question\",\"name\":\"ENMG-tutkimus (Elektroneuromyografia)\",\"acceptedAnswer\":{\"@type\":\"Answer\",\"text\":\"<p style=\\\"font-weight: 400;\\\">ENMG-tutkimus on laboratoriotutkimus, jonka tekee kliinisen neurofysiologian erikoisl\\u00e4\\u00e4k\\u00e4ri. ENMG-tutkimuksella voidaan diagnosoida hermo-lihassairauksia, joiden seuraukset saatetaan todeta ensimm\\u00e4isen\\u00e4 juuri jalan alueella. Se on hy\\u00f6dyllinen tutkimus hermopinteiden diagnostiikassa ja hermovaurioiden osoittamisessa.<\\\/p>\"}}]}<\/script>\n\t\t\t\t\t<\/div>\n\t\t\t\t\t\t<\/div>\n\t\t\t\t<\/div>\n\t\t\t\t<div class=\"elementor-element elementor-element-e10fc20 elementor-widget elementor-widget-spacer\" data-id=\"e10fc20\" data-element_type=\"widget\" data-e-type=\"widget\" data-widget_type=\"spacer.default\">\n\t\t\t\t<div class=\"elementor-widget-container\">\n\t\t\t\t\t\t\t<div class=\"elementor-spacer\">\n\t\t\t<div class=\"elementor-spacer-inner\"><\/div>\n\t\t<\/div>\n\t\t\t\t\t\t<\/div>\n\t\t\t\t<\/div>\n\t\t\t\t\t<\/div>\n\t\t<\/div>\n\t\t\t\t\t<\/div>\n\t\t<\/section>\n\t\t\t\t<\/div>\n\t\t","protected":false},"excerpt":{"rendered":"<p>Jalan kuvantaminen ja ENMG R\u00f6ntgenkuvantaminen\u200b Jalan asennosta voidaan tehd\u00e4 p\u00e4\u00e4telmi\u00e4 ainoastaan seisten otetuista kuvista. Oikeaoppiset jalan r\u00f6ntgenkuvauksen suunnat ovat seuraavat: \u00a0 \u00a0 \u00a0 1. Nilkan etusuunnan kuva seisten. \u00a0 \u00a0\u00a0 \u00a0 \u00a0 \u00a0 \u00a0 \u00a0 \u00a0 \u00a0 \u00a0 \u00a02. Jalkater\u00e4n etusuunnan kuva seisten. \u00a0 \u00a0 \u00a0 \u00a0\u00a03. Sivukuva kantap\u00e4\u00e4st\u00e4 varpaisiin seisten.\u00a0 Magneettikuvaus (MRI)\u200b MRI:n avulla [&hellip;]<\/p>\n","protected":false},"author":1,"featured_media":0,"parent":0,"menu_order":0,"comment_status":"closed","ping_status":"closed","template":"","meta":{"om_disable_all_campaigns":false,"_monsterinsights_skip_tracking":false,"_monsterinsights_sitenote_active":false,"_monsterinsights_sitenote_note":"","_monsterinsights_sitenote_category":0,"_uf_show_specific_survey":0,"_uf_disable_surveys":false,"site-sidebar-layout":"no-sidebar","site-content-layout":"page-builder","ast-site-content-layout":"default","site-content-style":"default","site-sidebar-style":"default","ast-global-header-display":"","ast-banner-title-visibility":"","ast-main-header-display":"","ast-hfb-above-header-display":"","ast-hfb-below-header-display":"","ast-hfb-mobile-header-display":"","site-post-title":"disabled","ast-breadcrumbs-content":"","ast-featured-img":"disabled","footer-sml-layout":"","ast-disable-related-posts":"","theme-transparent-header-meta":"","adv-header-id-meta":"","stick-header-meta":"","header-above-stick-meta":"","header-main-stick-meta":"","header-below-stick-meta":"","astra-migrate-meta-layouts":"default","ast-page-background-enabled":"default","ast-page-background-meta":{"desktop":{"background-color":"var(--ast-global-color-4)","background-image":"","background-repeat":"repeat","background-position":"center center","background-size":"auto","background-attachment":"scroll","background-type":"","background-media":"","overlay-type":"","overlay-color":"","overlay-opacity":"","overlay-gradient":""},"tablet":{"background-color":"","background-image":"","background-repeat":"repeat","background-position":"center center","background-size":"auto","background-attachment":"scroll","background-type":"","background-media":"","overlay-type":"","overlay-color":"","overlay-opacity":"","overlay-gradient":""},"mobile":{"background-color":"","background-image":"","background-repeat":"repeat","background-position":"center center","background-size":"auto","background-attachment":"scroll","background-type":"","background-media":"","overlay-type":"","overlay-color":"","overlay-opacity":"","overlay-gradient":""}},"ast-content-background-meta":{"desktop":{"background-color":"var(--ast-global-color-5)","background-image":"","background-repeat":"repeat","background-position":"center center","background-size":"auto","background-attachment":"scroll","background-type":"","background-media":"","overlay-type":"","overlay-color":"","overlay-opacity":"","overlay-gradient":""},"tablet":{"background-color":"var(--ast-global-color-5)","background-image":"","background-repeat":"repeat","background-position":"center center","background-size":"auto","background-attachment":"scroll","background-type":"","background-media":"","overlay-type":"","overlay-color":"","overlay-opacity":"","overlay-gradient":""},"mobile":{"background-color":"var(--ast-global-color-5)","background-image":"","background-repeat":"repeat","background-position":"center center","background-size":"auto","background-attachment":"scroll","background-type":"","background-media":"","overlay-type":"","overlay-color":"","overlay-opacity":"","overlay-gradient":""}},"footnotes":""},"class_list":["post-1727","page","type-page","status-publish","hentry"],"aioseo_notices":[],"_links":{"self":[{"href":"https:\/\/www.anumykkanen.fi\/index.php?rest_route=\/wp\/v2\/pages\/1727","targetHints":{"allow":["GET"]}}],"collection":[{"href":"https:\/\/www.anumykkanen.fi\/index.php?rest_route=\/wp\/v2\/pages"}],"about":[{"href":"https:\/\/www.anumykkanen.fi\/index.php?rest_route=\/wp\/v2\/types\/page"}],"author":[{"embeddable":true,"href":"https:\/\/www.anumykkanen.fi\/index.php?rest_route=\/wp\/v2\/users\/1"}],"replies":[{"embeddable":true,"href":"https:\/\/www.anumykkanen.fi\/index.php?rest_route=%2Fwp%2Fv2%2Fcomments&post=1727"}],"version-history":[{"count":100,"href":"https:\/\/www.anumykkanen.fi\/index.php?rest_route=\/wp\/v2\/pages\/1727\/revisions"}],"predecessor-version":[{"id":3591,"href":"https:\/\/www.anumykkanen.fi\/index.php?rest_route=\/wp\/v2\/pages\/1727\/revisions\/3591"}],"wp:attachment":[{"href":"https:\/\/www.anumykkanen.fi\/index.php?rest_route=%2Fwp%2Fv2%2Fmedia&parent=1727"}],"curies":[{"name":"wp","href":"https:\/\/api.w.org\/{rel}","templated":true}]}}